{"id":2534,"date":"2017-08-12T15:41:10","date_gmt":"2017-08-12T15:41:10","guid":{"rendered":"http:\/\/import.getbowtied.com\/shopkeeper-replica\/?page_id=2534"},"modified":"2021-12-11T11:34:05","modified_gmt":"2021-12-11T11:34:05","slug":"home-alt","status":"publish","type":"page","link":"https:\/\/skraddaremalmo.se\/","title":{"rendered":"Welcome"},"content":{"rendered":"<div class=\"wpb-content-wrapper\"><p>[vc_row full_height=&#8221;yes&#8221; font_color=&#8221;#000000&#8243; css=&#8221;.vc_custom_1571568216587{background: #303030 url(https:\/\/skraddaremalmo.se\/wp-content\/uploads\/2019\/10\/012.jpg?id=2864) !important;background-position: center !important;background-repeat: no-repeat !important;background-size: cover !important;}&#8221;][vc_column width=&#8221;1\/2&#8243;][vc_column_text css=&#8221;.vc_custom_1571569101811{padding-top: 40px !important;padding-right: 6% !important;padding-left: 6% !important;}&#8221;]<\/p>\n<h2 style=\"text-align: left;\"><span style=\"font-size: 135%; letter-spacing: -3px; line-height: 1.3; color: #999999;\"><span style=\"color: #ffffff;\">Skr\u00e4ddaren i Malm\u00f6 som designar om, anpassar och reparerar dina kl\u00e4der<\/span><br \/>\n<\/span><\/h2>\n<p>[\/vc_column_text][vc_column_text css=&#8221;.vc_custom_1639222387453{padding-right: 6% !important;padding-left: 6% !important;}&#8221;]<\/p>\n<h5 style=\"line-height: 2em; text-align: left;\"><span style=\"color: #ffffff;\">V\u00e4lkommen till Stilsam &#8211; ett skr\u00e4dderi och butik f\u00f6r f\u00f6rs\u00e4ljning av ett v\u00e4l utvalt sortiment av kl\u00e4der. Du hittar oss i hj\u00e4rtat av Malm\u00f6, vid m\u00f6llan p\u00e5 S\u00f6dra Skolgatan 41.\u00a0<\/span><\/h5>\n<p>[\/vc_column_text][vc_column_text css=&#8221;.vc_custom_1639222437883{padding-right: 6% !important;padding-left: 6% !important;}&#8221;]<span style=\"color: #333333;\"><strong>Stilsam Skr\u00e4dderi &amp; Kl\u00e4dbutik<\/strong><\/span><br \/>\n<span style=\"color: #333333;\">S\u00f6dra Skolgatan 41, 214 22 Malm\u00f6<\/span><\/p>\n<p><span style=\"color: #333333;\"><strong>\u00d6ppettider<\/strong><\/span><br \/>\n<span style=\"color: #333333;\">M\u00e5n &#8211; Fre 10 &#8211; 18<br \/>\n<\/span><span style=\"color: #333333;\">L\u00f6r 10 &#8211; 14<br \/>\n<\/span><span style=\"color: #333333;\">S\u00f6ndag St\u00e4ngt<\/span>[\/vc_column_text][\/vc_column][vc_column width=&#8221;1\/2&#8243;][\/vc_column][\/vc_row]<\/p>\n<\/div>","protected":false},"excerpt":{"rendered":"<p>[vc_row full_height=&#8221;yes&#8221; font_color=&#8221;#000000&#8243; css=&#8221;.vc_custom_1571568216587{background: #303030 url(https:\/\/skraddaremalmo.se\/wp-content\/uploads\/2019\/10\/012.jpg?id=2864) !important;background-position: center !important;background-repeat: no-repeat !important;background-size: cover !important;}&#8221;][vc_column width=&#8221;1\/2&#8243;][vc_column_text css=&#8221;.vc_custom_1571569101811{padding-top: 40px !important;padding-right: 6% !important;padding-left: 6% !important;}&#8221;] Skr\u00e4ddaren i Malm\u00f6 som designar om, anpassar och reparerar dina kl\u00e4der [\/vc_column_text][vc_column_text css=&#8221;.vc_custom_1639222387453{padding-right: 6% !important;padding-left: 6% !important;}&#8221;] V\u00e4lkommen till Stilsam &#8211; ett skr\u00e4dderi och butik f\u00f6r f\u00f6rs\u00e4ljning av ett v\u00e4l utvalt sortiment av kl\u00e4der. [&hellip;]<\/p>\n","protected":false},"author":1,"featured_media":0,"parent":2850,"menu_order":0,"comment_status":"closed","ping_status":"closed","template":"page-full-width.php","meta":{"footnotes":""},"class_list":["post-2534","page","type-page","status-publish","hentry"],"_links":{"self":[{"href":"https:\/\/skraddaremalmo.se\/index.php?rest_route=\/wp\/v2\/pages\/2534","targetHints":{"allow":["GET"]}}],"collection":[{"href":"https:\/\/skraddaremalmo.se\/index.php?rest_route=\/wp\/v2\/pages"}],"about":[{"href":"https:\/\/skraddaremalmo.se\/index.php?rest_route=\/wp\/v2\/types\/page"}],"author":[{"embeddable":true,"href":"https:\/\/skraddaremalmo.se\/index.php?rest_route=\/wp\/v2\/users\/1"}],"replies":[{"embeddable":true,"href":"https:\/\/skraddaremalmo.se\/index.php?rest_route=%2Fwp%2Fv2%2Fcomments&post=2534"}],"version-history":[{"count":9,"href":"https:\/\/skraddaremalmo.se\/index.php?rest_route=\/wp\/v2\/pages\/2534\/revisions"}],"predecessor-version":[{"id":2876,"href":"https:\/\/skraddaremalmo.se\/index.php?rest_route=\/wp\/v2\/pages\/2534\/revisions\/2876"}],"up":[{"embeddable":true,"href":"https:\/\/skraddaremalmo.se\/index.php?rest_route=\/wp\/v2\/pages\/2850"}],"wp:attachment":[{"href":"https:\/\/skraddaremalmo.se\/index.php?rest_route=%2Fwp%2Fv2%2Fmedia&parent=2534"}],"curies":[{"name":"wp","href":"https:\/\/api.w.org\/{rel}","templated":true}]}}

<div class="wpb-content-wrapper"><p>[vc_row full_height=&#8221;yes&#8221; font_color=&#8221;#000000&#8243; css=&#8221;.vc_custom_1571568216587{background: #303030 url(https://skraddaremalmo.se/wp-content/uploads/2019/10/012.jpg?id=2864) !important;background-position: center !important;background-repeat: no-repeat !important;background-size: cover !important;}&#8221;][vc_column width=&#8221;1/2&#8243;][vc_column_text css=&#8221;.vc_custom_1571569101811{padding-top: 40px !important;padding-right: 6% !important;padding-left: 6% !important;}&#8221;]</p>
<h2 style="text-align: left;"><span style="font-size: 135%; letter-spacing: -3px; line-height: 1.3; color: #999999;"><span style="color: #ffffff;">Skräddaren i Malmö som designar om, anpassar och reparerar dina kläder</span><br />
</span></h2>
<p>[/vc_column_text][vc_column_text css=&#8221;.vc_custom_1639222387453{padding-right: 6% !important;padding-left: 6% !important;}&#8221;]</p>
<h5 style="line-height: 2em; text-align: left;"><span style="color: #ffffff;">Välkommen till Stilsam &#8211; ett skrädderi och butik för försäljning av ett väl utvalt sortiment av kläder. Du hittar oss i hjärtat av Malmö, vid möllan på Södra Skolgatan 41. </span></h5>
<p>[/vc_column_text][vc_column_text css=&#8221;.vc_custom_1639222437883{padding-right: 6% !important;padding-left: 6% !important;}&#8221;]<span style="color: #333333;"><strong>Stilsam Skrädderi &amp; Klädbutik</strong></span><br />
<span style="color: #333333;">Södra Skolgatan 41, 214 22 Malmö</span></p>
<p><span style="color: #333333;"><strong>Öppettider</strong></span><br />
<span style="color: #333333;">Mån &#8211; Fre 10 &#8211; 18<br />
</span><span style="color: #333333;">Lör 10 &#8211; 14<br />
</span><span style="color: #333333;">Söndag Stängt</span>[/vc_column_text][/vc_column][vc_column width=&#8221;1/2&#8243;][/vc_column][/vc_row]</p>
</div>

<p>[vc_row full_height=&#8221;yes&#8221; font_color=&#8221;#000000&#8243; css=&#8221;.vc_custom_1571568216587{background: #303030 url(https://skraddaremalmo.se/wp-content/uploads/2019/10/012.jpg?id=2864) !important;background-position: center !important;background-repeat: no-repeat !important;background-size: cover !important;}&#8221;][vc_column width=&#8221;1/2&#8243;][vc_column_text css=&#8221;.vc_custom_1571569101811{padding-top: 40px !important;padding-right: 6% !important;padding-left: 6% !important;}&#8221;] Skräddaren i Malmö som designar om, anpassar och reparerar dina kläder [/vc_column_text][vc_column_text css=&#8221;.vc_custom_1639222387453{padding-right: 6% !important;padding-left: 6% !important;}&#8221;] Välkommen till Stilsam &#8211; ett skrädderi och butik för försäljning av ett väl utvalt sortiment av kläder. [&hellip;]</p>
